{"id":207,"date":"2014-12-16T13:19:34","date_gmt":"2014-12-16T13:19:34","guid":{"rendered":"http:\/\/bendruomeniskumas.mruni.eu\/?page_id=207"},"modified":"2014-12-16T13:19:34","modified_gmt":"2014-12-16T13:19:34","slug":"5osios-2013m-praktines-mokslines-konferencijos-medziaga","status":"publish","type":"page","link":"https:\/\/bendruomeniskumas.mruni.eu\/?page_id=207","title":{"rendered":"5osios (2013m.) praktin\u0117s &#8211; mokslin\u0117s konferencijos med\u017eiaga"},"content":{"rendered":"<p><strong><a href=\"http:\/\/vadybospraktika-mokslas.mruni.eu\/wp-content\/uploads\/2013\/04\/Konferencijos-pristatymas-programa-ir-diskusij\u0173-dalyviai.pdf\">Konferencijos pristatymas, programa ir diskusij\u0173 dalyviai<\/a><\/strong><\/p>\n<p><strong><a href=\"http:\/\/www.mruni.eu\/lt\/naujienos\/detail.php?el=192022\">Konferencijos nuotraukos<\/a><\/strong><\/p>\n<p><strong>Konferencijoje skaityti prane\u0161imai<\/strong><\/p>\n<p><strong><a href=\"http:\/\/vadybospraktika-mokslas.mruni.eu\/wp-content\/uploads\/2013\/04\/\u012e\u017evalgos-apie-mokslo-ir-praktikos-s\u0105veik\u0105-Prof.-dr.-S.-Sta\u010diokas-MRU-Tarybos-narys.pdf\">\u012e\u017evalgos apie mokslo ir praktikos s\u0105veik\u0105 &#8211; Prof. dr. S. Sta\u010diokas, MRU Tarybos narys<\/a><\/strong><\/p>\n<p><strong><a href=\"http:\/\/vadybospraktika-mokslas.mruni.eu\/wp-content\/uploads\/2013\/04\/N.-Jasinavi\u010diaus-prane\u0161imas.pdf\">N. Jasinavi\u010diaus prane\u0161imas<\/a> &#8211; <a href=\"http:\/\/vadybospraktika-mokslas.mruni.eu\/wp-content\/uploads\/2013\/04\/Apie-prane\u0161\u0117j\u01056.pdf\">Apie prane\u0161\u0117j\u0105<\/a><\/strong><\/p>\n<p><strong><a href=\"http:\/\/vadybospraktika-mokslas.mruni.eu\/wp-content\/uploads\/2013\/04\/H.-J.-Zahorka-prane\u0161imas.pdf\">H. J. Zahorka prane\u0161imas<\/a> &#8211;\u00a0<a href=\"http:\/\/vadybospraktika-mokslas.mruni.eu\/wp-content\/uploads\/2013\/04\/Apie-prane\u0161\u0117j\u01051.pdf\">Apie prane\u0161\u0117j\u0105<\/a><\/strong><\/p>\n<p><strong><a href=\"http:\/\/vadybospraktika-mokslas.mruni.eu\/wp-content\/uploads\/2013\/04\/R.-Ma\u010diuly\u0117s-prane\u0161imas.pdf\">R. Ma\u010diuly\u0117s prane\u0161imas<\/a> &#8211;\u00a0<a href=\"http:\/\/vadybospraktika-mokslas.mruni.eu\/wp-content\/uploads\/2013\/04\/Apie-prane\u0161\u0117j\u0105.pdf\">Apie prane\u0161\u0117j\u0105<\/a><\/strong><\/p>\n<p><strong><a href=\"http:\/\/vadybospraktika-mokslas.mruni.eu\/wp-content\/uploads\/2013\/04\/V.-Atko\u010di\u016bnien\u0117s-prane\u0161imas.pdf\">V. Atko\u010di\u016bnien\u0117s prane\u0161imas<\/a> &#8211; <a href=\"http:\/\/vadybospraktika-mokslas.mruni.eu\/wp-content\/uploads\/2013\/04\/Apie-prane\u0161\u0117j\u01052.pdf\">Apie prane\u0161\u0117j\u0105<\/a><\/strong><\/p>\n<p><strong><a href=\"http:\/\/vadybospraktika-mokslas.mruni.eu\/wp-content\/uploads\/2013\/04\/J.-\u017dakevi\u010dien\u0117s-prnanesimas.pdf\">J. \u017dakevi\u010dien\u0117s prnanesimas<\/a> &#8211; <a href=\"http:\/\/vadybospraktika-mokslas.mruni.eu\/wp-content\/uploads\/2013\/04\/Apie-prane\u0161\u0117j\u01053.pdf\">Apie prane\u0161\u0117j\u0105<\/a><\/strong><\/p>\n<p><strong><a href=\"http:\/\/vadybospraktika-mokslas.mruni.eu\/wp-content\/uploads\/2013\/04\/R.-Kalesnyko-prane\u0161imas.pdf\">R. Kalesnyko prane\u0161imas<\/a> &#8211; <a href=\"http:\/\/vadybospraktika-mokslas.mruni.eu\/wp-content\/uploads\/2013\/04\/Apie-prane\u0161\u0117j\u01054.pdf\">Apie prane\u0161\u0117j\u0105<\/a><\/strong><\/p>\n<p><a style=\"font-weight: bold;\" href=\"http:\/\/vadybospraktika-mokslas.mruni.eu\/wp-content\/uploads\/2013\/04\/J.-Sinkien\u0117s-prane\u0161imas.pdf\">J. Sinkien\u0117s prane\u0161imas<\/a> &#8211; <a href=\"http:\/\/vadybospraktika-mokslas.mruni.eu\/wp-content\/uploads\/2013\/04\/Apie-prane\u0161\u0117j\u01055.pdf\"><strong>Apie prane\u0161\u0117j\u0105<\/strong><\/a><\/p>\n<p><a href=\"http:\/\/vadybospraktika-mokslas.mruni.eu\/wp-content\/uploads\/2013\/04\/A.-Tonk\u016bnait\u0117s-Thiemann-prane\u0161imas.pdf\"><strong>A. Tonk\u016bnait\u0117s &#8211; Thiemann prane\u0161imas<\/strong><\/a><\/p>\n<p><strong><a href=\"http:\/\/vadybospraktika-mokslas.mruni.eu\/wp-content\/uploads\/2013\/04\/B.-Mikulskien\u0117s-ir-B.-Pitr\u0117nait\u0117s-prane\u0161imas2.pdf\">B. Mikulskien\u0117s ir B. Pitr\u0117nait\u0117s prane\u0161imas<\/a> &#8211; <a href=\"http:\/\/vadybospraktika-mokslas.mruni.eu\/wp-content\/uploads\/2013\/04\/Apie-prane\u0161\u0117jas.pdf\">Apie prane\u0161\u0117jas<\/a><\/strong><\/p>\n<p><strong><a href=\"http:\/\/vadybospraktika-mokslas.mruni.eu\/wp-content\/uploads\/2013\/04\/K.-\u017d.-Svetiko-ir-A.-Astrausko-prane\u0161imas.pdf\">K. \u017d. Svetiko ir A. Astrausko prane\u0161imas<\/a><\/strong><\/p>\n<p><strong><a href=\"http:\/\/vadybospraktika-mokslas.mruni.eu\/wp-content\/uploads\/2013\/04\/M.-Burinskien\u0117s-ir-V.-Rudzkien\u0117s-prane\u0161imas.pdf\">M. Burinskien\u0117s ir V. Rudzkien\u0117s prane\u0161imas<\/a> &#8211; <a href=\"http:\/\/vadybospraktika-mokslas.mruni.eu\/wp-content\/uploads\/2013\/04\/Apie-prane\u0161\u0117jas1.pdf\">Apie prane\u0161\u0117jas<\/a><\/strong><\/p>\n<p><strong>Elektroniniai prane\u0161imai<\/strong><\/p>\n<p><strong><a href=\"http:\/\/vadybospraktika-mokslas.mruni.eu\/wp-content\/uploads\/2013\/04\/S.-Nefo-ir-D.-Nevierait\u0117s-prane\u0161imas.pdf\">S. Nefo ir D. Nevierait\u0117s prane\u0161imas<\/a><\/strong><\/p>\n<p><strong><a href=\"http:\/\/vadybospraktika-mokslas.mruni.eu\/wp-content\/uploads\/2013\/04\/A.-Aleksandravi\u010diaus-prane\u0161imas.pdf\">A. Aleksandravi\u010diaus prane\u0161imas<\/a><\/strong><\/p>\n","protected":false},"excerpt":{"rendered":"<p>Konferencijos pristatymas, programa ir diskusij\u0173 dalyviai Konferencijos nuotraukos Konferencijoje skaityti prane\u0161imai \u012e\u017evalgos apie mokslo ir praktikos s\u0105veik\u0105 &#8211; Prof. dr. S. Sta\u010diokas, MRU Tarybos narys N. Jasinavi\u010diaus prane\u0161imas &#8211; Apie prane\u0161\u0117j\u0105 H. J. Zahorka prane\u0161imas &#8211;\u00a0Apie prane\u0161\u0117j\u0105 R. Ma\u010diuly\u0117s prane\u0161imas &#8211;\u00a0Apie prane\u0161\u0117j\u0105 V. Atko\u010di\u016bnien\u0117s prane\u0161imas &#8211; Apie prane\u0161\u0117j\u0105 J. \u017dakevi\u010dien\u0117s prnanesimas &#8211; Apie prane\u0161\u0117j\u0105 R. &hellip; <\/p>\n<p class=\"link-more\"><a href=\"https:\/\/bendruomeniskumas.mruni.eu\/?page_id=207\" class=\"more-link\">Continue reading<span class=\"screen-reader-text\"> &#8220;5osios (2013m.) praktin\u0117s &#8211; mokslin\u0117s konferencijos med\u017eiaga&#8221;<\/span><\/a><\/p>\n","protected":false},"author":1,"featured_media":0,"parent":0,"menu_order":0,"comment_status":"closed","ping_status":"open","template":"","meta":{"footnotes":""},"class_list":["post-207","page","type-page","status-publish","hentry"],"_links":{"self":[{"href":"https:\/\/bendruomeniskumas.mruni.eu\/index.php?rest_route=\/wp\/v2\/pages\/207","targetHints":{"allow":["GET"]}}],"collection":[{"href":"https:\/\/bendruomeniskumas.mruni.eu\/index.php?rest_route=\/wp\/v2\/pages"}],"about":[{"href":"https:\/\/bendruomeniskumas.mruni.eu\/index.php?rest_route=\/wp\/v2\/types\/page"}],"author":[{"embeddable":true,"href":"https:\/\/bendruomeniskumas.mruni.eu\/index.php?rest_route=\/wp\/v2\/users\/1"}],"replies":[{"embeddable":true,"href":"https:\/\/bendruomeniskumas.mruni.eu\/index.php?rest_route=%2Fwp%2Fv2%2Fcomments&post=207"}],"version-history":[{"count":1,"href":"https:\/\/bendruomeniskumas.mruni.eu\/index.php?rest_route=\/wp\/v2\/pages\/207\/revisions"}],"predecessor-version":[{"id":208,"href":"https:\/\/bendruomeniskumas.mruni.eu\/index.php?rest_route=\/wp\/v2\/pages\/207\/revisions\/208"}],"wp:attachment":[{"href":"https:\/\/bendruomeniskumas.mruni.eu\/index.php?rest_route=%2Fwp%2Fv2%2Fmedia&parent=207"}],"curies":[{"name":"wp","href":"https:\/\/api.w.org\/{rel}","templated":true}]}}

5osios (2013m.) praktinės &#8211; mokslinės konferencijos medžiaga

<p><strong><a href="http://vadybospraktika-mokslas.mruni.eu/wp-content/uploads/2013/04/Konferencijos-pristatymas-programa-ir-diskusijų-dalyviai.pdf">Konferencijos pristatymas, programa ir diskusijų dalyviai</a></strong></p>
<p><strong><a href="http://www.mruni.eu/lt/naujienos/detail.php?el=192022">Konferencijos nuotraukos</a></strong></p>
<p><strong>Konferencijoje skaityti pranešimai</strong></p>
<p><strong><a href="http://vadybospraktika-mokslas.mruni.eu/wp-content/uploads/2013/04/Įžvalgos-apie-mokslo-ir-praktikos-sąveiką-Prof.-dr.-S.-Stačiokas-MRU-Tarybos-narys.pdf">Įžvalgos apie mokslo ir praktikos sąveiką &#8211; Prof. dr. S. Stačiokas, MRU Tarybos narys</a></strong></p>
<p><strong><a href="http://vadybospraktika-mokslas.mruni.eu/wp-content/uploads/2013/04/N.-Jasinavičiaus-pranešimas.pdf">N. Jasinavičiaus pranešimas</a> &#8211; <a href="http://vadybospraktika-mokslas.mruni.eu/wp-content/uploads/2013/04/Apie-pranešėją6.pdf">Apie pranešėją</a></strong></p>
<p><strong><a href="http://vadybospraktika-mokslas.mruni.eu/wp-content/uploads/2013/04/H.-J.-Zahorka-pranešimas.pdf">H. J. Zahorka pranešimas</a> &#8211; <a href="http://vadybospraktika-mokslas.mruni.eu/wp-content/uploads/2013/04/Apie-pranešėją1.pdf">Apie pranešėją</a></strong></p>
<p><strong><a href="http://vadybospraktika-mokslas.mruni.eu/wp-content/uploads/2013/04/R.-Mačiulyės-pranešimas.pdf">R. Mačiulyės pranešimas</a> &#8211; <a href="http://vadybospraktika-mokslas.mruni.eu/wp-content/uploads/2013/04/Apie-pranešėją.pdf">Apie pranešėją</a></strong></p>
<p><strong><a href="http://vadybospraktika-mokslas.mruni.eu/wp-content/uploads/2013/04/V.-Atkočiūnienės-pranešimas.pdf">V. Atkočiūnienės pranešimas</a> &#8211; <a href="http://vadybospraktika-mokslas.mruni.eu/wp-content/uploads/2013/04/Apie-pranešėją2.pdf">Apie pranešėją</a></strong></p>
<p><strong><a href="http://vadybospraktika-mokslas.mruni.eu/wp-content/uploads/2013/04/J.-Žakevičienės-prnanesimas.pdf">J. Žakevičienės prnanesimas</a> &#8211; <a href="http://vadybospraktika-mokslas.mruni.eu/wp-content/uploads/2013/04/Apie-pranešėją3.pdf">Apie pranešėją</a></strong></p>
<p><strong><a href="http://vadybospraktika-mokslas.mruni.eu/wp-content/uploads/2013/04/R.-Kalesnyko-pranešimas.pdf">R. Kalesnyko pranešimas</a> &#8211; <a href="http://vadybospraktika-mokslas.mruni.eu/wp-content/uploads/2013/04/Apie-pranešėją4.pdf">Apie pranešėją</a></strong></p>
<p><a style="font-weight: bold;" href="http://vadybospraktika-mokslas.mruni.eu/wp-content/uploads/2013/04/J.-Sinkienės-pranešimas.pdf">J. Sinkienės pranešimas</a> &#8211; <a href="http://vadybospraktika-mokslas.mruni.eu/wp-content/uploads/2013/04/Apie-pranešėją5.pdf"><strong>Apie pranešėją</strong></a></p>
<p><a href="http://vadybospraktika-mokslas.mruni.eu/wp-content/uploads/2013/04/A.-Tonkūnaitės-Thiemann-pranešimas.pdf"><strong>A. Tonkūnaitės &#8211; Thiemann pranešimas</strong></a></p>
<p><strong><a href="http://vadybospraktika-mokslas.mruni.eu/wp-content/uploads/2013/04/B.-Mikulskienės-ir-B.-Pitrėnaitės-pranešimas2.pdf">B. Mikulskienės ir B. Pitrėnaitės pranešimas</a> &#8211; <a href="http://vadybospraktika-mokslas.mruni.eu/wp-content/uploads/2013/04/Apie-pranešėjas.pdf">Apie pranešėjas</a></strong></p>
<p><strong><a href="http://vadybospraktika-mokslas.mruni.eu/wp-content/uploads/2013/04/K.-Ž.-Svetiko-ir-A.-Astrausko-pranešimas.pdf">K. Ž. Svetiko ir A. Astrausko pranešimas</a></strong></p>
<p><strong><a href="http://vadybospraktika-mokslas.mruni.eu/wp-content/uploads/2013/04/M.-Burinskienės-ir-V.-Rudzkienės-pranešimas.pdf">M. Burinskienės ir V. Rudzkienės pranešimas</a> &#8211; <a href="http://vadybospraktika-mokslas.mruni.eu/wp-content/uploads/2013/04/Apie-pranešėjas1.pdf">Apie pranešėjas</a></strong></p>
<p><strong>Elektroniniai pranešimai</strong></p>
<p><strong><a href="http://vadybospraktika-mokslas.mruni.eu/wp-content/uploads/2013/04/S.-Nefo-ir-D.-Nevieraitės-pranešimas.pdf">S. Nefo ir D. Nevieraitės pranešimas</a></strong></p>
<p><strong><a href="http://vadybospraktika-mokslas.mruni.eu/wp-content/uploads/2013/04/A.-Aleksandravičiaus-pranešimas.pdf">A. Aleksandravičiaus pranešimas</a></strong></p>

<p>Konferencijos pristatymas, programa ir diskusijų dalyviai Konferencijos nuotraukos Konferencijoje skaityti pranešimai Įžvalgos apie mokslo ir praktikos sąveiką &#8211; Prof. dr. S. Stačiokas, MRU Tarybos narys N. Jasinavičiaus pranešimas &#8211; Apie pranešėją H. J. Zahorka pranešimas &#8211; Apie pranešėją R. Mačiulyės pranešimas &#8211; Apie pranešėją V. Atkočiūnienės pranešimas &#8211; Apie pranešėją J. Žakevičienės prnanesimas &#8211; Apie pranešėją R. &hellip; </p>
<p class="link-more"><a href="https://bendruomeniskumas.mruni.eu/?page_id=207" class="more-link">Continue reading<span class="screen-reader-text"> &#8220;5osios (2013m.) praktinės &#8211; mokslinės konferencijos medžiaga&#8221;</span></a></p>
