{"id":210,"date":"2014-12-16T13:21:10","date_gmt":"2014-12-16T13:21:10","guid":{"rendered":"http:\/\/bendruomeniskumas.mruni.eu\/?page_id=210"},"modified":"2014-12-16T13:21:10","modified_gmt":"2014-12-16T13:21:10","slug":"6osios-2014m-praktines-mokslines-konferencijos-medziaga","status":"publish","type":"page","link":"https:\/\/bendruomeniskumas.mruni.eu\/?page_id=210","title":{"rendered":"6osios (2014m.) praktin\u0117s &#8211; mokslin\u0117s konferencijos med\u017eiaga"},"content":{"rendered":"<p><a href=\"http:\/\/vadybospraktika-mokslas.mruni.eu\/wp-content\/uploads\/2014\/04\/Konferencijos-pristatymas.pdf\">Konferencijos pristatymas<\/a><\/p>\n<p><a href=\"http:\/\/vadybospraktika-mokslas.mruni.eu\/wp-content\/uploads\/2014\/04\/Konferencijos-programa.pdf\">Konferencijos programa<\/a><\/p>\n<p><a href=\"http:\/\/vadybospraktika-mokslas.mruni.eu\/wp-content\/uploads\/2014\/04\/Konferencijos-nuotraukos.pdf\">Konferencijos nuotraukos<\/a><\/p>\n<p><strong>Konferencijos prane\u0161imai<\/strong><\/p>\n<p><strong><a href=\"http:\/\/vadybospraktika-mokslas.mruni.eu\/wp-content\/uploads\/2014\/04\/Thorsten-Franz-prane\u0161imas.pptx\">Thorsten Franz prane\u0161imas<\/a><\/strong><\/p>\n<p><strong><a href=\"http:\/\/vadybospraktika-mokslas.mruni.eu\/wp-content\/uploads\/2014\/04\/Petr-J\u00fcptner-Ilona-Kruntor\u00e1dov\u00e1-ir-Pavla-Valu\u0161ov\u00e1-prane\u0161imas.pdf\">Petr J\u00fcptner, Ilona Kruntor\u00e1dov\u00e1 ir Pavla Valu\u0161ov\u00e1 prane\u0161imas<\/a> &#8211; <a href=\"http:\/\/vadybospraktika-mokslas.mruni.eu\/wp-content\/uploads\/2014\/04\/Apie-prane\u0161\u0117jus.docx\">Apie prane\u0161\u0117jus<\/a><\/strong><\/p>\n<p><strong><a href=\"http:\/\/vadybospraktika-mokslas.mruni.eu\/wp-content\/uploads\/2014\/04\/Vitalijaus-Mitrofanovo-prane\u0161imas.pptx\">Vitalijaus Mitrofanovo prane\u0161imas<\/a><\/strong><\/p>\n<p><strong><a href=\"http:\/\/vadybospraktika-mokslas.mruni.eu\/wp-content\/uploads\/2014\/04\/\u017dygimanto-Svetiko-ir-Algirdo-Astrausko-prane\u0161imas.ppt\">\u017dygimanto Svetiko ir Algirdo Astrausko prane\u0161imas<\/a><\/strong><\/p>\n<p><strong><a href=\"http:\/\/vadybospraktika-mokslas.mruni.eu\/wp-content\/uploads\/2014\/04\/Renatos-Kudukyt\u0117s-Gasper\u0117s-prane\u0161imas.ppt\">Renatos Kudukyt\u0117s-Gasper\u0117s prane\u0161imas<\/a><\/strong><\/p>\n<p><strong><a href=\"http:\/\/vadybospraktika-mokslas.mruni.eu\/wp-content\/uploads\/2014\/04\/Jolantos-\u017dakevi\u010dien\u0117s-prane\u0161imas.pptx\">Jolantos \u017dakevi\u010dien\u0117s prane\u0161imas<\/a><\/strong><\/p>\n<p><strong><a href=\"http:\/\/vadybospraktika-mokslas.mruni.eu\/wp-content\/uploads\/2014\/04\/Sauliaus-Nefo-ir-Rimanto-Mickos-prane\u0161imas.pptx\">Sauliaus Nefo ir Rimanto Mickos prane\u0161imas<\/a><\/strong><\/p>\n<p><strong><a href=\"http:\/\/vadybospraktika-mokslas.mruni.eu\/wp-content\/uploads\/2014\/04\/Andriaus-Valicko-prane\u0161imas.pptx\">Andriaus Valicko prane\u0161imas<\/a><\/strong><\/p>\n<p><strong><a href=\"http:\/\/vadybospraktika-mokslas.mruni.eu\/wp-content\/uploads\/2014\/04\/Alvydo-Aleksandravi\u010diaus-prane\u0161imas.ppt\">Alvydo Aleksandravi\u010diaus prane\u0161imas<\/a><\/strong><\/p>\n","protected":false},"excerpt":{"rendered":"<p>Konferencijos pristatymas Konferencijos programa Konferencijos nuotraukos Konferencijos prane\u0161imai Thorsten Franz prane\u0161imas Petr J\u00fcptner, Ilona Kruntor\u00e1dov\u00e1 ir Pavla Valu\u0161ov\u00e1 prane\u0161imas &#8211; Apie prane\u0161\u0117jus Vitalijaus Mitrofanovo prane\u0161imas \u017dygimanto Svetiko ir Algirdo Astrausko prane\u0161imas Renatos Kudukyt\u0117s-Gasper\u0117s prane\u0161imas Jolantos \u017dakevi\u010dien\u0117s prane\u0161imas Sauliaus Nefo ir Rimanto Mickos prane\u0161imas Andriaus Valicko prane\u0161imas Alvydo Aleksandravi\u010diaus prane\u0161imas<\/p>\n","protected":false},"author":1,"featured_media":0,"parent":0,"menu_order":0,"comment_status":"closed","ping_status":"open","template":"","meta":{"footnotes":""},"class_list":["post-210","page","type-page","status-publish","hentry"],"_links":{"self":[{"href":"https:\/\/bendruomeniskumas.mruni.eu\/index.php?rest_route=\/wp\/v2\/pages\/210","targetHints":{"allow":["GET"]}}],"collection":[{"href":"https:\/\/bendruomeniskumas.mruni.eu\/index.php?rest_route=\/wp\/v2\/pages"}],"about":[{"href":"https:\/\/bendruomeniskumas.mruni.eu\/index.php?rest_route=\/wp\/v2\/types\/page"}],"author":[{"embeddable":true,"href":"https:\/\/bendruomeniskumas.mruni.eu\/index.php?rest_route=\/wp\/v2\/users\/1"}],"replies":[{"embeddable":true,"href":"https:\/\/bendruomeniskumas.mruni.eu\/index.php?rest_route=%2Fwp%2Fv2%2Fcomments&post=210"}],"version-history":[{"count":1,"href":"https:\/\/bendruomeniskumas.mruni.eu\/index.php?rest_route=\/wp\/v2\/pages\/210\/revisions"}],"predecessor-version":[{"id":310,"href":"https:\/\/bendruomeniskumas.mruni.eu\/index.php?rest_route=\/wp\/v2\/pages\/210\/revisions\/310"}],"wp:attachment":[{"href":"https:\/\/bendruomeniskumas.mruni.eu\/index.php?rest_route=%2Fwp%2Fv2%2Fmedia&parent=210"}],"curies":[{"name":"wp","href":"https:\/\/api.w.org\/{rel}","templated":true}]}}

6osios (2014m.) praktinės &#8211; mokslinės konferencijos medžiaga

<p><a href="http://vadybospraktika-mokslas.mruni.eu/wp-content/uploads/2014/04/Konferencijos-pristatymas.pdf">Konferencijos pristatymas</a></p>
<p><a href="http://vadybospraktika-mokslas.mruni.eu/wp-content/uploads/2014/04/Konferencijos-programa.pdf">Konferencijos programa</a></p>
<p><a href="http://vadybospraktika-mokslas.mruni.eu/wp-content/uploads/2014/04/Konferencijos-nuotraukos.pdf">Konferencijos nuotraukos</a></p>
<p><strong>Konferencijos pranešimai</strong></p>
<p><strong><a href="http://vadybospraktika-mokslas.mruni.eu/wp-content/uploads/2014/04/Thorsten-Franz-pranešimas.pptx">Thorsten Franz pranešimas</a></strong></p>
<p><strong><a href="http://vadybospraktika-mokslas.mruni.eu/wp-content/uploads/2014/04/Petr-Jüptner-Ilona-Kruntorádová-ir-Pavla-Valušová-pranešimas.pdf">Petr Jüptner, Ilona Kruntorádová ir Pavla Valušová pranešimas</a> &#8211; <a href="http://vadybospraktika-mokslas.mruni.eu/wp-content/uploads/2014/04/Apie-pranešėjus.docx">Apie pranešėjus</a></strong></p>
<p><strong><a href="http://vadybospraktika-mokslas.mruni.eu/wp-content/uploads/2014/04/Vitalijaus-Mitrofanovo-pranešimas.pptx">Vitalijaus Mitrofanovo pranešimas</a></strong></p>
<p><strong><a href="http://vadybospraktika-mokslas.mruni.eu/wp-content/uploads/2014/04/Žygimanto-Svetiko-ir-Algirdo-Astrausko-pranešimas.ppt">Žygimanto Svetiko ir Algirdo Astrausko pranešimas</a></strong></p>
<p><strong><a href="http://vadybospraktika-mokslas.mruni.eu/wp-content/uploads/2014/04/Renatos-Kudukytės-Gasperės-pranešimas.ppt">Renatos Kudukytės-Gasperės pranešimas</a></strong></p>
<p><strong><a href="http://vadybospraktika-mokslas.mruni.eu/wp-content/uploads/2014/04/Jolantos-Žakevičienės-pranešimas.pptx">Jolantos Žakevičienės pranešimas</a></strong></p>
<p><strong><a href="http://vadybospraktika-mokslas.mruni.eu/wp-content/uploads/2014/04/Sauliaus-Nefo-ir-Rimanto-Mickos-pranešimas.pptx">Sauliaus Nefo ir Rimanto Mickos pranešimas</a></strong></p>
<p><strong><a href="http://vadybospraktika-mokslas.mruni.eu/wp-content/uploads/2014/04/Andriaus-Valicko-pranešimas.pptx">Andriaus Valicko pranešimas</a></strong></p>
<p><strong><a href="http://vadybospraktika-mokslas.mruni.eu/wp-content/uploads/2014/04/Alvydo-Aleksandravičiaus-pranešimas.ppt">Alvydo Aleksandravičiaus pranešimas</a></strong></p>

<p>Konferencijos pristatymas Konferencijos programa Konferencijos nuotraukos Konferencijos pranešimai Thorsten Franz pranešimas Petr Jüptner, Ilona Kruntorádová ir Pavla Valušová pranešimas &#8211; Apie pranešėjus Vitalijaus Mitrofanovo pranešimas Žygimanto Svetiko ir Algirdo Astrausko pranešimas Renatos Kudukytės-Gasperės pranešimas Jolantos Žakevičienės pranešimas Sauliaus Nefo ir Rimanto Mickos pranešimas Andriaus Valicko pranešimas Alvydo Aleksandravičiaus pranešimas</p>
