{"id":610,"date":"2016-07-09T14:52:02","date_gmt":"2016-07-09T14:52:02","guid":{"rendered":"http:\/\/bendruomeniskumas.mruni.eu\/?page_id=610"},"modified":"2021-05-17T10:49:30","modified_gmt":"2021-05-17T10:49:30","slug":"2016-m-konkursas","status":"publish","type":"page","link":"https:\/\/bendruomeniskumas.mruni.eu\/?page_id=610","title":{"rendered":"2016 m. konkursas"},"content":{"rendered":"<p style=\"text-align: center;\"><strong>Mykolo Romerio universitetas ir Socialin\u0117s apsaugos ir darbo ministerija&nbsp;<\/strong><strong>bei informacinis partneris \u201eSavivaldybi\u0173 \u017einios\u201c skelbia respublikin\u012f konkurs\u0105 vietos bendruomen\u0117ms<\/strong><\/p>\n<p style=\"text-align: center;\"><strong>&nbsp;&nbsp;&nbsp;&nbsp;&nbsp; <\/strong><strong>\u201eBENDRUOMEN\u0116 \u2013 \u0160VYTURYS 2016 \u2013 KELIAS \u012e S\u0116KM\u0118\u201c<\/strong><\/p>\n<p><strong>Pirmoji nominacija<\/strong> \u2013 \u201eVietos bendruomen\u0117s lyderio \u2013 vadybininko\u201c. \u0160iai nominacijai pra\u0161oma pateikti vietos bendruomen\u0117s arba bendruomenin\u0117s organizacijos atstov\u0105, kurio veikloje yra geram vadybininkui b\u016bdingi planavimo, vadovavimo, organizavimo, kontrol\u0117s ir kiti bruo\u017eai (pretendent\u0173 parai\u0161kos forma <em>priedas nr. 1)<\/em>.<\/p>\n<p><strong>Antroji nominacija<\/strong> \u2013 \u201eVietos bendruomen\u0117s s\u0117km\u0117s istorija\u201c. \u0160iai nominacijai pra\u0161oma pateikti vietos bendruomen\u0119 ar vietos bendruomenin\u0119 organizacij\u0105, kuri\u0105 pastaruosius trejus (3) metus lyd\u0117jo s\u0117km\u0117 (pretendent\u0173 parai\u0161kos forma <em>priedas nr. 2<\/em>).<\/p>\n<p><strong>Tre\u010dioji nominacija<\/strong> \u2013 \u201eBendruomeni\u0161kiausios seni\u016bnijos arba savivaldyb\u0117s\u201c. \u0160iai nominacijai teikiamas pretendentas, kuris matavo savo bendruomeni\u0161kum\u0105 pagal Mykolo Romerio universiteto mokslinink\u0173 sudaryt\u0105 bendruomeni\u0161kumo indeks\u0105. <em>(<\/em><em>pretendent\u0173 parai\u0161kos forma &nbsp;priedas nr. 3).&nbsp;<\/em><\/p>\n<ul>\n<li>Nominantai pristatomi <em>\u201eSavivaldybi\u0173 \u017einiose\u201c<\/em> ir MRU tinklalapyje <a href=\"http:\/\/bendruomeniskumas.mruni.eu\">http:\/\/bendruomeniskumas.mruni.eu<\/a><\/li>\n<li>Nominacij\u0173 nugal\u0117tojus i\u0161renka komisija, sudaryta i\u0161 MRU mokslinink\u0173, SAD ministerijos ir vietos bendruomenini\u0173 organizacij\u0173 atstov\u0173.<\/li>\n<li>Apdovanojimus \u012fteikia MRU Rektorius ir SAD ministerijos Ministr\u0117 8 &#8211; oje tradicin\u0117je konferencijoje <em>\u201eEfektyvumas vie\u0161ajame sektoriuje ir bendruomen\u0117s<\/em><em>\u201c<\/em><em>, <\/em>vykstan\u010dioje baland\u017eio 13 dien\u0105.<\/li>\n<li>Pretendent\u0173 nominacijoms parai\u0161kos renkamos iki 2016 baland\u017eio 1 d. el. pa\u0161tu <a href=\"mailto:saunef@mruni.lt\">saunef@mruni.lt<\/a>. Pasiteirauti galima tel. +370 687 35228.<\/li>\n<\/ul>\n<h5><span style=\"color: #000000;\"><a style=\"color: #000000;\" href=\"http:\/\/bendruomeniskumas.mruni.eu\/wp-content\/uploads\/2015\/05\/Trys-nominacijos.-Nr.-1.pdf\">Trys nominacijos<\/a><\/span><\/h5>\n<h5><span style=\"color: #000000;\"><a style=\"color: #000000;\" href=\"http:\/\/bendruomeniskumas.mruni.eu\/wp-content\/uploads\/2016\/07\/KOMISIJA_kelias-i-sekme.pdf\">\u012esakymas d\u0117l komisijos<\/a><\/span><\/h5>\n<h5><a style=\"color: #000000;\" href=\"http:\/\/bendruomeniskumas.mruni.eu\/wp-content\/uploads\/2015\/05\/Rektoriaus-2016-\u012fsakymas-d\u0117l-nominant\u0173.pdf\">2016 m. rektoriaus \u012fsakymas d\u0117l Respublikinio konkurso vietos bendruomen\u0117ms &#8220;Bendruomen\u0117 &#8211; \u0160vyturys 2015 &#8211; kelias \u012f s\u0117km\u0119&#8221; nominant\u0173 paskelbimo<\/a><\/h5>\n<h5><span style=\"color: #000000;\"><a style=\"color: #000000;\" href=\"http:\/\/bendruomeniskumas.mruni.eu\/wp-content\/uploads\/2016\/07\/2016-nominant\u0173-protokolas-Nr.-2.pdf\">2016 m. nominacij\u0173 vertinimo protokolas Nr. 2<\/a><\/span><\/h5>\n<h5><a style=\"color: #000000;\" href=\"http:\/\/bendruomeniskumas.mruni.eu\/wp-content\/uploads\/2015\/05\/Anyksciu-paraiska-laim\u0117toja-Vadybininko.pdf\">2016 m. Vadybininko nominacijos parai\u0161ka-nugal\u0117toja<\/a><\/h5>\n<h5><span style=\"color: #000000;\"><a style=\"color: #000000;\" href=\"http:\/\/bendruomeniskumas.mruni.eu\/wp-content\/uploads\/2015\/05\/Kretingos-parai\u0161ka-laim\u0117toja-S\u0117km\u0117s-istorija.pdf\">2016 m. nominacijos-S\u0117km\u0117s istorija parai\u0161ka-nugal\u0117toja<\/a><\/span><\/h5>\n<h5><span style=\"color: #000000;\"><a style=\"color: #000000;\" href=\"http:\/\/bendruomeniskumas.mruni.eu\/wp-content\/uploads\/2015\/05\/3-nominacija-indeksas.pdf\">2016 m. nominacijos &#8211; \u201eBendruomeni\u0161kiausios seni\u016bnijos arba savivaldyb\u0117s\u201c parai\u0161kos nugal\u0117tojos- Josvaini\u0173 seni\u016bnijos (K\u0117daini\u0173 rajono savivaldyb\u0117) apdovanojimas<\/a><\/span><\/h5>\n<h5><span style=\"color: #000000;\"><a style=\"color: #000000;\" href=\"http:\/\/bendruomeniskumas.mruni.eu\/wp-content\/uploads\/2016\/07\/NOMINACIJ\u0172-\u012eTEIKIMAS-ilovepdf-compressed-1.pdf\">Bendruomeni\u0173 konkurso 2016 m. nugal\u0117toj\u0173 apdovanojimas<\/a><\/span><\/h5>\n\n\n<div class=\"wp-block-file\"><a href=\"http:\/\/bendruomeniskumas.mruni.eu\/wp-content\/uploads\/2021\/05\/KOMISIJA_kelias-i-sekme-2016-1-1-1.docx\"><strong>\u012esakymas d\u0117l komisijos<\/strong><\/a><a href=\"http:\/\/bendruomeniskumas.mruni.eu\/wp-content\/uploads\/2021\/05\/KOMISIJA_kelias-i-sekme-2016-1-1-1.docx\" class=\"wp-block-file__button\" download>Download<\/a><\/div>\n","protected":false},"excerpt":{"rendered":"<p>Mykolo Romerio universitetas ir Socialin\u0117s apsaugos ir darbo ministerija&nbsp;bei informacinis partneris \u201eSavivaldybi\u0173 \u017einios\u201c skelbia respublikin\u012f konkurs\u0105 vietos bendruomen\u0117ms &nbsp;&nbsp;&nbsp;&nbsp;&nbsp; \u201eBENDRUOMEN\u0116 \u2013 \u0160VYTURYS 2016 \u2013 KELIAS \u012e S\u0116KM\u0118\u201c Pirmoji nominacija \u2013 \u201eVietos bendruomen\u0117s lyderio \u2013 vadybininko\u201c. \u0160iai nominacijai pra\u0161oma pateikti vietos bendruomen\u0117s arba bendruomenin\u0117s organizacijos atstov\u0105, kurio veikloje yra geram vadybininkui b\u016bdingi planavimo, vadovavimo, organizavimo, kontrol\u0117s &hellip; <\/p>\n<p class=\"link-more\"><a href=\"https:\/\/bendruomeniskumas.mruni.eu\/?page_id=610\" class=\"more-link\">Continue reading<span class=\"screen-reader-text\"> &#8220;2016 m. konkursas&#8221;<\/span><\/a><\/p>\n","protected":false},"author":2,"featured_media":0,"parent":0,"menu_order":0,"comment_status":"closed","ping_status":"closed","template":"","meta":{"footnotes":""},"class_list":["post-610","page","type-page","status-publish","hentry"],"_links":{"self":[{"href":"https:\/\/bendruomeniskumas.mruni.eu\/index.php?rest_route=\/wp\/v2\/pages\/610","targetHints":{"allow":["GET"]}}],"collection":[{"href":"https:\/\/bendruomeniskumas.mruni.eu\/index.php?rest_route=\/wp\/v2\/pages"}],"about":[{"href":"https:\/\/bendruomeniskumas.mruni.eu\/index.php?rest_route=\/wp\/v2\/types\/page"}],"author":[{"embeddable":true,"href":"https:\/\/bendruomeniskumas.mruni.eu\/index.php?rest_route=\/wp\/v2\/users\/2"}],"replies":[{"embeddable":true,"href":"https:\/\/bendruomeniskumas.mruni.eu\/index.php?rest_route=%2Fwp%2Fv2%2Fcomments&post=610"}],"version-history":[{"count":12,"href":"https:\/\/bendruomeniskumas.mruni.eu\/index.php?rest_route=\/wp\/v2\/pages\/610\/revisions"}],"predecessor-version":[{"id":800,"href":"https:\/\/bendruomeniskumas.mruni.eu\/index.php?rest_route=\/wp\/v2\/pages\/610\/revisions\/800"}],"wp:attachment":[{"href":"https:\/\/bendruomeniskumas.mruni.eu\/index.php?rest_route=%2Fwp%2Fv2%2Fmedia&parent=610"}],"curies":[{"name":"wp","href":"https:\/\/api.w.org\/{rel}","templated":true}]}}