{"id":823,"date":"2021-05-23T16:49:10","date_gmt":"2021-05-23T16:49:10","guid":{"rendered":"http:\/\/bendruomeniskumas.mruni.eu\/?page_id=823"},"modified":"2021-05-23T16:52:41","modified_gmt":"2021-05-23T16:52:41","slug":"2019-metu-konkursas","status":"publish","type":"page","link":"https:\/\/bendruomeniskumas.mruni.eu\/?page_id=823","title":{"rendered":"2019 met\u0173 konkursas"},"content":{"rendered":"\n<div class=\"wp-block-file\"><a href=\"http:\/\/bendruomeniskumas.mruni.eu\/wp-content\/uploads\/2021\/05\/Isakymas_nominantai.pdf\"><strong>2020 met\u0173 rektoriaus \u012fsakymas<\/strong><\/a><a href=\"http:\/\/bendruomeniskumas.mruni.eu\/wp-content\/uploads\/2021\/05\/Isakymas_nominantai.pdf\" class=\"wp-block-file__button\" download>Download<\/a><\/div>\n\n\n\n<p><br>D\u0116L RESPUBLIKINIO KONKURSO VIETOS BENDRUOMEN\u0116MS \u201eBENDRUOMEN\u0116 \u2013<br>\u0160VYTURYS 2019 \u2013 KELIAS \u012e S\u0116KM\u0118\u201c NOMINANT\u0172 PASKELBIMO<br><\/p>\n\n\n\n<p><br>Atsi\u017evelgdama \u012f respublikinio konkurso vietos bendruomen\u0117ms \u201eBendruomen\u0117 \u2013 \u0160vyturys<br>2019 \u2013 kelias \u012f s\u0117km\u0119\u201c (toliau \u2013 Konkursas) Komisijos nominacij\u0173 nugal\u0117tojams i\u0161rinkti 2020 m.<br>bir\u017eelio 30 d. sprendim\u0105,<\/p>\n\n\n\n<p><br>s k e l b i u Konkurso nominacij\u0173 nugal\u0117tojus:<br><\/p>\n\n\n\n<p><strong>Pirmoji nominacija<\/strong> \u201eVietos bendruomen\u0117s lyderis \u2013 vadybininkas\u201c \u2013 Regina Ramanauskien\u0117,<br>\u201eKraki\u0173 \u017eiburiai\u201c bendruomen\u0117s pirminink\u0117 (Skuodo rajono savivaldyb\u0117).<br><\/p>\n\n\n\n<p><strong>Antroji nominacija <\/strong>\u201eVietos bendruomen\u0117s s\u0117km\u0117s istorija\u201c \u2013 Paupi\u0173 bendruomen\u0117 (Klaip\u0117dos<br>miesto savivaldyb\u0117).<br><\/p>\n\n\n\n<p><strong>Tre\u010dioji nominacija<\/strong> \u201eBendruomeni\u0161kiausia seni\u016bnija arba savivaldyb\u0117\u201c \u2013 Pasvalio rajono<br>savivaldyb\u0117.<br><\/p>\n\n\n\n<p><strong>Ketvirtoji nominacija<\/strong> \u201eKult\u016bros kolektyvais garsi vietos bendruomen\u0117\u201c \u2013 Raudondvario miestelio<br>bendruomen\u0117 (Kauno rajonas).<br><\/p>\n\n\n\n<p><strong>Penktoji nominacija<\/strong> \u201eSveik\u0105 gyvensen\u0105 propaguojanti vietos bendruomen\u0117\u201c \u2013 \u201eUpyt\u0117s \u017eem\u0117\u201c<br>bendruomen\u0117 (Panev\u0117\u017eio rajono savivaldyb\u0117).<br><\/p>\n\n\n\n<p>Rektor\u0117                                                                                                          prof. dr. Inga \u017dal\u0117nien\u0117<\/p>\n\n\n\n<div class=\"wp-block-file\"><a href=\"http:\/\/bendruomeniskumas.mruni.eu\/wp-content\/uploads\/2021\/05\/Penkios-nominacijos.-2020-1.docx\"><br><strong>2019 met\u0173 nominacijos:<\/strong><\/a><a href=\"http:\/\/bendruomeniskumas.mruni.eu\/wp-content\/uploads\/2021\/05\/Penkios-nominacijos.-2020-1.docx\" class=\"wp-block-file__button\" download>Download<\/a><\/div>\n\n\n\n<div class=\"wp-block-file\"><a href=\"http:\/\/bendruomeniskumas.mruni.eu\/wp-content\/uploads\/2021\/05\/nr.-11Ramanauskiene.pdf\"><br><strong>2019 m. \u201eVietos bendruomen\u0117s lyderis \u2013 vadybininkas\u201c \u2013 Regina Ramanauskien\u0117,<br>\u201eKraki\u0173 \u017eiburiai\u201c bendruomen\u0117s pirminink\u0117 (Skuodo rajono savivaldyb\u0117).<\/strong><\/a><a href=\"http:\/\/bendruomeniskumas.mruni.eu\/wp-content\/uploads\/2021\/05\/nr.-11Ramanauskiene.pdf\" class=\"wp-block-file__button\" download>Download<\/a><\/div>\n\n\n\n<div class=\"wp-block-file\"><a href=\"http:\/\/bendruomeniskumas.mruni.eu\/wp-content\/uploads\/2021\/05\/1.-Paupiu-bendruomenes-sekmes-istorija.pdf\"><br><strong>2019 m. \u201eVietos bendruomen\u0117s s\u0117km\u0117s istorija\u201c \u2013 Paupi\u0173 bendruomen\u0117 (Klaip\u0117dos<br>miesto savivaldyb\u0117).<\/strong><\/a><a href=\"http:\/\/bendruomeniskumas.mruni.eu\/wp-content\/uploads\/2021\/05\/1.-Paupiu-bendruomenes-sekmes-istorija.pdf\" class=\"wp-block-file__button\" download>Download<\/a><\/div>\n\n\n\n<div class=\"wp-block-file\"><a href=\"http:\/\/bendruomeniskumas.mruni.eu\/wp-content\/uploads\/2021\/05\/Pasvalio-bendr-indeksas.pdf\"><br><strong>2019 m. \u201eBendruomeni\u0161kiausia seni\u016bnija arba savivaldyb\u0117\u201c \u2013 Pasvalio rajono<br>savivaldyb\u0117.<\/strong><\/a><a href=\"http:\/\/bendruomeniskumas.mruni.eu\/wp-content\/uploads\/2021\/05\/Pasvalio-bendr-indeksas.pdf\" class=\"wp-block-file__button\" download>Download<\/a><\/div>\n\n\n\n<div class=\"wp-block-file\"><a href=\"http:\/\/bendruomeniskumas.mruni.eu\/wp-content\/uploads\/2021\/05\/5.-Raudondvario-kulturos-centras-1.pdf\"><br><strong>2019 m. \u201eKult\u016bros kolektyvais garsi vietos bendruomen\u0117\u201c \u2013 Raudondvario miestelio<br>bendruomen\u0117 (Kauno rajonas).<\/strong><\/a><a href=\"http:\/\/bendruomeniskumas.mruni.eu\/wp-content\/uploads\/2021\/05\/5.-Raudondvario-kulturos-centras-1.pdf\" class=\"wp-block-file__button\" download>Download<\/a><\/div>\n\n\n\n<div class=\"wp-block-file\"><a href=\"http:\/\/bendruomeniskumas.mruni.eu\/wp-content\/uploads\/2021\/05\/4.-Upyte-Panevezio-raj.pdf\"><br><strong>2019 m. \u201eSveik\u0105 gyvensen\u0105 propaguojanti vietos bendruomen\u0117\u201c \u2013 \u201eUpyt\u0117s \u017eem\u0117\u201c<br>bendruomen\u0117 (Panev\u0117\u017eio rajono savivaldyb\u0117).<\/strong><\/a><a href=\"http:\/\/bendruomeniskumas.mruni.eu\/wp-content\/uploads\/2021\/05\/4.-Upyte-Panevezio-raj.pdf\" class=\"wp-block-file__button\" download>Download<\/a><\/div>\n\n\n\n<p><\/p>\n","protected":false},"excerpt":{"rendered":"<p>D\u0116L RESPUBLIKINIO KONKURSO VIETOS BENDRUOMEN\u0116MS \u201eBENDRUOMEN\u0116 \u2013\u0160VYTURYS 2019 \u2013 KELIAS \u012e S\u0116KM\u0118\u201c NOMINANT\u0172 PASKELBIMO Atsi\u017evelgdama \u012f respublikinio konkurso vietos bendruomen\u0117ms \u201eBendruomen\u0117 \u2013 \u0160vyturys2019 \u2013 kelias \u012f s\u0117km\u0119\u201c (toliau \u2013 Konkursas) Komisijos nominacij\u0173 nugal\u0117tojams i\u0161rinkti 2020 m.bir\u017eelio 30 d. sprendim\u0105, s k e l b i u Konkurso nominacij\u0173 nugal\u0117tojus: Pirmoji nominacija \u201eVietos bendruomen\u0117s lyderis \u2013 &hellip; <\/p>\n<p class=\"link-more\"><a href=\"https:\/\/bendruomeniskumas.mruni.eu\/?page_id=823\" class=\"more-link\">Continue reading<span class=\"screen-reader-text\"> &#8220;2019 met\u0173 konkursas&#8221;<\/span><\/a><\/p>\n","protected":false},"author":2,"featured_media":0,"parent":0,"menu_order":0,"comment_status":"closed","ping_status":"closed","template":"","meta":{"footnotes":""},"class_list":["post-823","page","type-page","status-publish","hentry"],"_links":{"self":[{"href":"https:\/\/bendruomeniskumas.mruni.eu\/index.php?rest_route=\/wp\/v2\/pages\/823","targetHints":{"allow":["GET"]}}],"collection":[{"href":"https:\/\/bendruomeniskumas.mruni.eu\/index.php?rest_route=\/wp\/v2\/pages"}],"about":[{"href":"https:\/\/bendruomeniskumas.mruni.eu\/index.php?rest_route=\/wp\/v2\/types\/page"}],"author":[{"embeddable":true,"href":"https:\/\/bendruomeniskumas.mruni.eu\/index.php?rest_route=\/wp\/v2\/users\/2"}],"replies":[{"embeddable":true,"href":"https:\/\/bendruomeniskumas.mruni.eu\/index.php?rest_route=%2Fwp%2Fv2%2Fcomments&post=823"}],"version-history":[{"count":8,"href":"https:\/\/bendruomeniskumas.mruni.eu\/index.php?rest_route=\/wp\/v2\/pages\/823\/revisions"}],"predecessor-version":[{"id":841,"href":"https:\/\/bendruomeniskumas.mruni.eu\/index.php?rest_route=\/wp\/v2\/pages\/823\/revisions\/841"}],"wp:attachment":[{"href":"https:\/\/bendruomeniskumas.mruni.eu\/index.php?rest_route=%2Fwp%2Fv2%2Fmedia&parent=823"}],"curies":[{"name":"wp","href":"https:\/\/api.w.org\/{rel}","templated":true}]}}