{"id":997,"date":"2026-04-14T10:30:03","date_gmt":"2026-04-14T10:30:03","guid":{"rendered":"https:\/\/bendruomeniskumas.mruni.eu\/?page_id=997"},"modified":"2026-04-14T10:44:56","modified_gmt":"2026-04-14T10:44:56","slug":"2025-metu-konkursas","status":"publish","type":"page","link":"https:\/\/bendruomeniskumas.mruni.eu\/?page_id=997","title":{"rendered":"2025 met\u0173 konkursas"},"content":{"rendered":"<p><a href=\"https:\/\/bendruomeniskumas.mruni.eu\/wp-content\/uploads\/2026\/04\/2025-nominantai-nugaletoju-isakymas.pdf\">2026 nominantai nugal\u0117toj\u0173 \u012fsakymas<\/a><\/p>\n<p><a href=\"https:\/\/bendruomeniskumas.mruni.eu\/wp-content\/uploads\/2026\/04\/1-nominacija-Lyderis-vadybininkas-DAIVA-SKRUPSKELYTE-Zeimelis-Pakruojo-sav.pdf\">1 nominacija Lyderis- vadybininkas DAIVA SKRUPSKELYT\u0116, \u017deimelis, Pakruojo sav.<\/a><\/p>\n<p><a href=\"https:\/\/bendruomeniskumas.mruni.eu\/wp-content\/uploads\/2026\/04\/2-nominacija-Bendruomenes-sekmes-istorija-Ruku-bendr.-Skuodo-sav.pdf\">2 nominacija Bendruomen\u0117s s\u0117km\u0117s istorija Ruk\u0173 bendr. Skuodo sav.<\/a><\/p>\n<p><a href=\"https:\/\/bendruomeniskumas.mruni.eu\/wp-content\/uploads\/2026\/04\/3-nominacija-Bendruomeniskiausia-seniunija-Betygalos-seniunija-Raseiniu-sav.pdf\">3 nominacija Bendruomeni\u0161kiausia seni\u016bnija Betygalos seni\u016bnija, Raseini\u0173 sav.<\/a><\/p>\n<p><a href=\"https:\/\/bendruomeniskumas.mruni.eu\/wp-content\/uploads\/2026\/04\/4-nominacija-Vietos-bendruomene-ir-mokykla-Nevarenu-bendr.-Telsiu-sav.pdf\">4 nominacija Vietos bendruomen\u0117 ir mokykla Nevar\u0117n\u0173 bendr. Tel\u0161i\u0173 sav.<\/a><\/p>\n<p><a href=\"https:\/\/bendruomeniskumas.mruni.eu\/wp-content\/uploads\/2026\/04\/5-nominacija-Sveika-gyvensena-propaguojanti-bendruomene.-Ezerelio-bendruomenes-centras-Kauno-raj.-sav.pdf\">5 nominacija Sveik\u0105 gyvensen\u0105 propaguojanti bendruomen\u0117. E\u017eer\u0117lio bendruomen\u0117s centras , Kauno raj. sav.<\/a><\/p>\n<p><a href=\"https:\/\/bendruomeniskumas.mruni.eu\/wp-content\/uploads\/2026\/04\/6-nominacija-Vietos-infrastruktura-tvarkanti-bendruomene-Gatauciu-bendr.-Joniskio-raj.pdf\">6 nominacija Vietos infrastrukt\u016bra tvarkanti bendruomen\u0117 Gatau\u010di\u0173 bendr. Joni\u0161kio raj.<\/a><\/p>\n<p><a href=\"https:\/\/bendruomeniskumas.mruni.eu\/wp-content\/uploads\/2026\/04\/7-nominacija-Su-policija-bendradrbiavimas-Traksedzio-bendr.-Silales-raj.pdf\">7 nominacija Su policija bendradrbiavimas Traks\u0117d\u017eio bendr. \u0160ilal\u0117s raj.<\/a><\/p>\n<p><a href=\"https:\/\/bendruomeniskumas.mruni.eu\/wp-content\/uploads\/2026\/04\/8-nominacija-Civiline-sauga-Gerdziunu-bendruomene-Sakiu-rajono-savivaldybe.pdf\">8 nominacija Civilin\u0117 sauga Gerd\u017ei\u016bn\u0173 bendruomen\u0117 ,\u0160aki\u0173 rajono sav.<\/a><\/p>\n<p><a href=\"https:\/\/bendruomeniskumas.mruni.eu\/wp-content\/uploads\/2026\/04\/9-nominacija-Lygios-galimybes-Packenu-krasto-bendruomene-Utenos-sav.pdf\">9 nominacija Lygios galimyb\u0117s Pa\u010dk\u0117n\u0173 kra\u0161to bendruomen\u0117 Utenos sav.<\/a><\/p>\n","protected":false},"excerpt":{"rendered":"<p>2026 nominantai nugal\u0117toj\u0173 \u012fsakymas 1 nominacija Lyderis- vadybininkas DAIVA SKRUPSKELYT\u0116, \u017deimelis, Pakruojo sav. 2 nominacija Bendruomen\u0117s s\u0117km\u0117s istorija Ruk\u0173 bendr. Skuodo sav. 3 nominacija Bendruomeni\u0161kiausia seni\u016bnija Betygalos seni\u016bnija, Raseini\u0173 sav. 4 nominacija Vietos bendruomen\u0117 ir mokykla Nevar\u0117n\u0173 bendr. Tel\u0161i\u0173 sav. 5 nominacija Sveik\u0105 gyvensen\u0105 propaguojanti bendruomen\u0117. E\u017eer\u0117lio bendruomen\u0117s centras , Kauno raj. sav. 6 nominacija &hellip; <\/p>\n<p class=\"link-more\"><a href=\"https:\/\/bendruomeniskumas.mruni.eu\/?page_id=997\" class=\"more-link\">Continue reading<span class=\"screen-reader-text\"> &#8220;2025 met\u0173 konkursas&#8221;<\/span><\/a><\/p>\n","protected":false},"author":2,"featured_media":0,"parent":0,"menu_order":0,"comment_status":"closed","ping_status":"closed","template":"","meta":{"footnotes":""},"class_list":["post-997","page","type-page","status-publish","hentry"],"_links":{"self":[{"href":"https:\/\/bendruomeniskumas.mruni.eu\/index.php?rest_route=\/wp\/v2\/pages\/997","targetHints":{"allow":["GET"]}}],"collection":[{"href":"https:\/\/bendruomeniskumas.mruni.eu\/index.php?rest_route=\/wp\/v2\/pages"}],"about":[{"href":"https:\/\/bendruomeniskumas.mruni.eu\/index.php?rest_route=\/wp\/v2\/types\/page"}],"author":[{"embeddable":true,"href":"https:\/\/bendruomeniskumas.mruni.eu\/index.php?rest_route=\/wp\/v2\/users\/2"}],"replies":[{"embeddable":true,"href":"https:\/\/bendruomeniskumas.mruni.eu\/index.php?rest_route=%2Fwp%2Fv2%2Fcomments&post=997"}],"version-history":[{"count":4,"href":"https:\/\/bendruomeniskumas.mruni.eu\/index.php?rest_route=\/wp\/v2\/pages\/997\/revisions"}],"predecessor-version":[{"id":1014,"href":"https:\/\/bendruomeniskumas.mruni.eu\/index.php?rest_route=\/wp\/v2\/pages\/997\/revisions\/1014"}],"wp:attachment":[{"href":"https:\/\/bendruomeniskumas.mruni.eu\/index.php?rest_route=%2Fwp%2Fv2%2Fmedia&parent=997"}],"curies":[{"name":"wp","href":"https:\/\/api.w.org\/{rel}","templated":true}]}}